{"id":191,"date":"2023-03-23T06:33:38","date_gmt":"2023-03-23T06:33:38","guid":{"rendered":"https:\/\/clinpharmacolgroup.es\/ipharmgx\/?page_id=191"},"modified":"2023-03-23T06:42:15","modified_gmt":"2023-03-23T06:42:15","slug":"aviso-legal","status":"publish","type":"page","link":"https:\/\/clinpharmacolgroup.es\/ipharmgx\/aviso-legal\/","title":{"rendered":"Aviso Legal"},"content":{"rendered":"<p>[et_pb_section fb_built=\u00bb1&#8243; admin_label=\u00bbJoin Now Call to Action\u00bb _builder_version=\u00bb4.19.4&#8243; use_background_color_gradient=\u00bbon\u00bb background_color_gradient_direction=\u00bb105deg\u00bb background_color_gradient_stops=\u00bb#132bc6 0%|#22aee5 100%\u00bb background_color_gradient_start=\u00bb#1bb3eb\u00bb background_color_gradient_end=\u00bb#25efcb\u00bb background_image=\u00bbhttps:\/\/clinpharmacolgroup.es\/ipharmgx\/wp-content\/uploads\/2022\/12\/fondocontact.jpg\u00bb background_blend=\u00bbmultiply\u00bb custom_margin=\u00bb|||\u00bb custom_padding=\u00bb60px|0px|60px|0px\u00bb locked=\u00bboff\u00bb global_colors_info=\u00bb{}\u00bb][et_pb_row _builder_version=\u00bb4.16&#8243; global_colors_info=\u00bb{}\u00bb][et_pb_column type=\u00bb4_4&#8243; _builder_version=\u00bb4.16&#8243; custom_padding=\u00bb|||\u00bb global_colors_info=\u00bb{}\u00bb custom_padding__hover=\u00bb|||\u00bb][et_pb_text _builder_version=\u00bb4.19.5&#8243; text_font=\u00bbPoppins||||||||\u00bb text_text_color=\u00bbrgba(255,255,255,0.8)\u00bb text_font_size=\u00bb18px\u00bb text_line_height=\u00bb1.8em\u00bb header_font=\u00bbPoppins|600|||||||\u00bb header_text_color=\u00bb#ffffff\u00bb header_font_size=\u00bb48px\u00bb header_line_height=\u00bb1.4em\u00bb header_3_font=\u00bbPoppins|600|||||||\u00bb header_3_font_size=\u00bb36px\u00bb header_3_line_height=\u00bb1.4em\u00bb background_layout=\u00bbdark\u00bb max_width=\u00bb600px\u00bb module_alignment=\u00bbleft\u00bb custom_margin=\u00bb|178px||||\u00bb global_colors_info=\u00bb{}\u00bb]<\/p>\n<h1>Aviso Legal<\/h1>\n<p>[\/et_pb_text][\/et_pb_column][\/et_pb_row][\/et_pb_section][et_pb_section fb_built=\u00bb1&#8243; _builder_version=\u00bb4.19.4&#8243; _module_preset=\u00bbdefault\u00bb global_colors_info=\u00bb{}\u00bb][et_pb_row _builder_version=\u00bb4.19.4&#8243; _module_preset=\u00bbdefault\u00bb global_colors_info=\u00bb{}\u00bb][et_pb_column type=\u00bb4_4&#8243; _builder_version=\u00bb4.19.4&#8243; _module_preset=\u00bbdefault\u00bb global_colors_info=\u00bb{}\u00bb][et_pb_text _builder_version=\u00bb4.19.5&#8243; _module_preset=\u00bbdefault\u00bb hover_enabled=\u00bb0&#8243; global_colors_info=\u00bb{}\u00bb sticky_enabled=\u00bb0&#8243; custom_margin=\u00bb-43px|||||\u00bb]<\/p>\n<div class=\"et_pb_section et_pb_section_1 et_section_regular\">\n<div class=\"et_pb_row et_pb_row_1\">\n<div class=\"et_pb_column et_pb_column_4_4 et_pb_column_1  et_pb_css_mix_blend_mode_passthrough et-last-child\">\n<div class=\"et_pb_module et_pb_text et_pb_text_1  et_pb_text_align_left et_pb_bg_layout_light\">\n<div class=\"et_pb_text_inner\">\n<h2><strong>Actualizaci\u00f3n de la informaci\u00f3n y contenido<\/strong><\/h2>\n<p>Este Portal ha sido creado por el \u00f3rgano de gesti\u00f3n de iPharmGx con car\u00e1cter informativo general y para uso personal.<\/p>\n<p>iPharmGx tiene su domicilio en Paseo de la Castellana,261,\u00a0 28046 Madrid<\/p>\n<p>La informaci\u00f3n que aparece en este Portal es la vigente en la fecha de su publicaci\u00f3n. No debe entenderse necesariamente como informaci\u00f3n exhaustiva, completa o exacta. iPharmGx se reserva el derecho a actualizar y efectuar, en cualquier momento, cuantos cambios y\/o mejoras estime convenientes, as\u00ed como a eliminar total o parcialmente la informaci\u00f3n.<\/p>\n<p>No se incluye ninguna informaci\u00f3n de car\u00e1cter personal a disposici\u00f3n del usuario. El acceso a este Portal es responsabilidad exclusiva de los usuarios. El simple acceso no supone entablar ning\u00fan tipo de relaci\u00f3n de car\u00e1cter comercial o de ning\u00fan otro tipo, entre la Plataforma y el usuario. Ninguna informaci\u00f3n proporcionada en este Portal se puede alterar, modificar, reproducir, publicar o cualquier otra manera o forma sin el consentimiento anteriormente escrito de iPharmGx.<\/p>\n<p>iPharmGx no garantiza ni se responsabiliza de las consecuencias que pudieran derivarse de los posibles errores en los contenidos que pudieran aparecer en este Portal. En ning\u00fan caso iPharmGx ser\u00e1 responsable por ning\u00fan da\u00f1o especial, indirecto o consecuencial ni por ning\u00fan otro, que pudiera derivarse en relaci\u00f3n con el uso o utilizaci\u00f3n de informaci\u00f3n disponible en este Portal.<\/p>\n<p>iPharmGx realiza los m\u00e1ximos esfuerzos para evitar cualquier error en los contenidos que pudieran aparecer en este Portal. En caso de detectar alg\u00fan error en esta p\u00e1gina le rogamos sea notificado a trav\u00e9s de la direcci\u00f3n de correo electr\u00f3nico<a href=\"mailto:pharmgxgestores@gmail.com\"> <span style=\"color: #333333;\">pharmgxgestores@gmail.com<\/span><\/a><\/p>\n<h2><strong>Navegaci\u00f3n acceso y seguridad<\/strong><\/h2>\n<p>El acceso y navegaci\u00f3n del Portal supone aceptar y conocer las advertencias legales, condiciones y t\u00e9rminos de uso contenidas en \u00e9l. iPharmGx realiza los m\u00e1ximos esfuerzos para ofrecer la navegaci\u00f3n en las mejores condiciones y evitar los perjuicios que pudiesen ocasionarse durante la misma.<\/p>\n<p>Este Portal ha sido dise\u00f1ado para soportar los navegadores Internet Explorer 10 y superiores, Mozilla Firefox y Google Chrome. iPharmGx no se hace responsable de los perjuicios, de cualquier naturaleza, que pudieran ocasionarse a los usuarios por la utilizaci\u00f3n de otros navegadores o versiones para los que ha sido dise\u00f1ado este Portal.<\/p>\n<h2><strong>Propiedad intelectual<\/strong><\/h2>\n<p>El nombre comercial, la marca y logo que aparecen en este Portal se encuentran protegidos por la leyes de Propiedad Intelectual. Los derechos de propiedad intelectual de este Portal, su dise\u00f1o y sus contenidos, son titularidad de iPharmGx, salvo expresa identificaci\u00f3n de una titularidad diferente, y est\u00e1n protegidos por la legislaci\u00f3n vigente sobre propiedad intelectual. Las fotograf\u00edas no son de uso libre.<\/p>\n<p>iPharmGx se reserva la posibilidad de ejercer las acciones legales que correspondan contra los usuarios que violen o infrinjan los derechos de propiedad intelectual.<\/p>\n<p><strong>Actualizado en Marzo 2023<\/strong><\/p>\n<\/div>\n<\/div>\n<\/div>\n<\/div>\n<div class=\"et_pb_row et_pb_row_2\">\n<div class=\"et_pb_column et_pb_column_4_4 et_pb_column_2  et_pb_css_mix_blend_mode_passthrough et-last-child\">\n<div class=\"et_pb_module et_pb_code et_pb_code_0\"><\/div>\n<\/div>\n<\/div>\n<\/div>\n<div class=\"et_pb_section et_pb_section_2 et_pb_with_background et_section_regular\">\n<div class=\"et_pb_row et_pb_row_3\">\n<div class=\"et_pb_column et_pb_column_1_3 et_pb_column_3  et_pb_css_mix_blend_mode_passthrough\"><\/div>\n<\/div>\n<\/div>\n<p>[\/et_pb_text][\/et_pb_column][\/et_pb_row][\/et_pb_section][et_pb_section fb_built=\u00bb1&#8243; _builder_version=\u00bb4.19.4&#8243; _module_preset=\u00bbdefault\u00bb background_color=\u00bb#00a8ea\u00bb use_background_color_gradient=\u00bbon\u00bb background_color_gradient_direction=\u00bb123deg\u00bb background_color_gradient_stops=\u00bbrgba(0,236,244,0.94) 1%|#1c338e 76%\u00bb global_module=\u00bb36&#8243; saved_tabs=\u00bball\u00bb global_colors_info=\u00bb{}\u00bb][et_pb_row column_structure=\u00bb1_3,1_3,1_3&#8243; _builder_version=\u00bb4.19.4&#8243; _module_preset=\u00bbdefault\u00bb global_colors_info=\u00bb{}\u00bb][et_pb_column type=\u00bb1_3&#8243; _builder_version=\u00bb4.19.4&#8243; _module_preset=\u00bbdefault\u00bb global_colors_info=\u00bb{}\u00bb][et_pb_image src=\u00bbhttps:\/\/clinpharmacolgroup.es\/ipharmgx\/wp-content\/uploads\/2023\/01\/logoWhite.png\u00bb title_text=\u00bblogoWhite\u00bb _builder_version=\u00bb4.19.4&#8243; _module_preset=\u00bbdefault\u00bb global_colors_info=\u00bb{}\u00bb][\/et_pb_image][\/et_pb_column][et_pb_column type=\u00bb1_3&#8243; _builder_version=\u00bb4.19.4&#8243; _module_preset=\u00bbdefault\u00bb global_colors_info=\u00bb{}\u00bb][et_pb_text _builder_version=\u00bb4.19.4&#8243; _module_preset=\u00bbdefault\u00bb text_text_color=\u00bb#FFFFFF\u00bb global_colors_info=\u00bb{}\u00bb]<\/p>\n<p><strong>Coordinaci\u00f3n t\u00e9cnica del Ensayo:<\/strong><\/p>\n<p>Dr. Alberto M. Borobia<\/p>\n<p><b>Subcoordinador del proyecto<\/b><\/p>\n<p>Dr. Antonio J Carcas Sansu\u00e1n<\/p>\n<p><b>Gestor del proyecto<\/b><\/p>\n<p>Stefan Stewart<\/p>\n<p>&nbsp;<\/p>\n<p>[\/et_pb_text][\/et_pb_column][et_pb_column type=\u00bb1_3&#8243; _builder_version=\u00bb4.19.4&#8243; _module_preset=\u00bbdefault\u00bb global_colors_info=\u00bb{}\u00bb][et_pb_text _builder_version=\u00bb4.19.4&#8243; _module_preset=\u00bbdefault\u00bb text_text_color=\u00bb#FFFFFF\u00bb global_colors_info=\u00bb{}\u00bb]<\/p>\n<p><strong>Hospital Universitario La Paz<\/strong><\/p>\n<p>Servicio de Farmacolog\u00eda Cl\u00ednica \u2013 UCICEC<\/p>\n<p>&nbsp;<\/p>\n<p>[\/et_pb_text][\/et_pb_column][\/et_pb_row][et_pb_row _builder_version=\u00bb4.19.4&#8243; _module_preset=\u00bbdefault\u00bb global_colors_info=\u00bb{}\u00bb][et_pb_column type=\u00bb4_4&#8243; _builder_version=\u00bb4.19.4&#8243; _module_preset=\u00bbdefault\u00bb global_colors_info=\u00bb{}\u00bb][et_pb_text _builder_version=\u00bb4.19.4&#8243; _module_preset=\u00bbdefault\u00bb text_text_color=\u00bb#FFFFFF\u00bb global_colors_info=\u00bb{}\u00bb]<\/p>\n<p><span>\u00a9 Copyright 2023\u00a0\u00a0\u00a0|\u00a0\u00a0\u00a0iPharmGx Todos los derechos reservados<\/span><\/p>\n<p>[\/et_pb_text][\/et_pb_column][\/et_pb_row][\/et_pb_section]<\/p>\n","protected":false},"excerpt":{"rendered":"<p>Aviso Legal Actualizaci\u00f3n de la informaci\u00f3n y contenido Este Portal ha sido creado por el \u00f3rgano de gesti\u00f3n de iPharmGx con car\u00e1cter informativo general y para uso personal. iPharmGx tiene su domicilio en Paseo de la Castellana,261,\u00a0 28046 Madrid La informaci\u00f3n que aparece en este Portal es la vigente en la fecha de su publicaci\u00f3n. [&hellip;]<\/p>\n","protected":false},"author":1,"featured_media":0,"parent":0,"menu_order":0,"comment_status":"closed","ping_status":"closed","template":"","meta":{"_et_pb_use_builder":"on","_et_pb_old_content":"","_et_gb_content_width":"","footnotes":""},"class_list":["post-191","page","type-page","status-publish","hentry"],"_links":{"self":[{"href":"https:\/\/clinpharmacolgroup.es\/ipharmgx\/wp-json\/wp\/v2\/pages\/191","targetHints":{"allow":["GET"]}}],"collection":[{"href":"https:\/\/clinpharmacolgroup.es\/ipharmgx\/wp-json\/wp\/v2\/pages"}],"about":[{"href":"https:\/\/clinpharmacolgroup.es\/ipharmgx\/wp-json\/wp\/v2\/types\/page"}],"author":[{"embeddable":true,"href":"https:\/\/clinpharmacolgroup.es\/ipharmgx\/wp-json\/wp\/v2\/users\/1"}],"replies":[{"embeddable":true,"href":"https:\/\/clinpharmacolgroup.es\/ipharmgx\/wp-json\/wp\/v2\/comments?post=191"}],"version-history":[{"count":3,"href":"https:\/\/clinpharmacolgroup.es\/ipharmgx\/wp-json\/wp\/v2\/pages\/191\/revisions"}],"predecessor-version":[{"id":207,"href":"https:\/\/clinpharmacolgroup.es\/ipharmgx\/wp-json\/wp\/v2\/pages\/191\/revisions\/207"}],"wp:attachment":[{"href":"https:\/\/clinpharmacolgroup.es\/ipharmgx\/wp-json\/wp\/v2\/media?parent=191"}],"curies":[{"name":"wp","href":"https:\/\/api.w.org\/{rel}","templated":true}]}}